t common factor of 261 and f?
29
Suppose -2*d = -5*n - 10, 0 = -n - 0*n + 4. What is the greatest common divisor of d and 20?
5
Let a(o) = 23*o - 6. Suppose t + 6 = 3*t. Let f be a(t). Let m be 4/12 + 26/3. Calculate the highest common divisor of m and f.
9
Let t = 272 - 209. What is the greatest common divisor of 756 and t?
63
Suppose 0 = 5*y - 25, 9*d - 6*d = 3*y + 24. Calculate the greatest common divisor of d and 39.
13
Let r = 126 + 358. What is the highest common factor of r and 44?
44
Suppose -2 = -4*o + 10. Let i = o - 105. Let v = -58 - i. Calculate the greatest common factor of v and 11.
11
Suppose 69*l - 803 = 301. What is the greatest common factor of 944 and l?
16
Suppose -k - 26 = -5*l, -3*l + 0*l - 5*k + 38 = 0. Let u = -14 + 75. Let y = u - 25. What is the highest common factor of y and l?
6
Let d = -229 - -458. What is the greatest common divisor of d and 1?
1
Suppose -7 = -2*x + 13. Suppose u + q - x = 4, -4*u + 5*q = -101. Calculate the highest common divisor of 209 and u.
19
Let n(h) = 13*h**2 + 3. Suppose 5*z - 35 = -5*j, -2*j + 11 = -4*j + 3*z. Let c be n(j). Suppose 12 = q + 1. What is the highest common divisor of c and q?
11
Let w be (-90*1)/(8/(-16)). Suppose -6*c = -3*c - w. What is the highest common divisor of 40 and c?
20
Let a(b) = 0*b - b - 2*b - 11 - 30. Let o be a(-18). Calculate the highest common factor of o and 78.
13
Let g be (-84)/140 + (-69)/(-15). Calculate the highest common factor of 122 and g.
2
Suppose 0 = -f + 18 + 6. Calculate the highest common factor of f and 6.
6
Suppose 0 = -3*p - z + 2536, 842 = p - 14*z + 16*z. What is the greatest common factor of 18 and p?
18
Suppose 9 = 2*l + l. Suppose -5*h + 26 = -3*o + 3, 4*h + 4*o = 44. Calculate the greatest common divisor of h and l.
1
Suppose 5*b - 69 = 66. Let s = 32 - b. Suppose 0*q + 2*q + 3*w = 111, 0 = -s*q - 4*w + 274. What is the highest common factor of q and 81?
27
Suppose -q = -10 - 1. Suppose -2*c + 37 = -185. Suppose -r + c = -3*w, r + w = -0*r + 95. What is the greatest common divisor of q and r?
11
Suppose y + w = 150, 3*y = 10*w - 9*w + 450. Suppose y = 2*g + 18. Calculate the greatest common factor of g and 33.
33
Let n be (-1)/4 - (-50)/8. Suppose l - 9 + 5 = 0. Suppose 4*w - l*r = 24, w + 4*r = -0*w + 6. What is the greatest common divisor of n and w?
6
Let f(j) = j**3 - 2*j**2 - 13*j + 109. Let g be f(9). What is the greatest common divisor of g and 43?
43
Suppose -230*f + 221*f = -189. What is the highest common divisor of 483 and f?
21
Let h = 1413 - 1145. Calculate the highest common divisor of 871 and h.
67
Let f = 255 - 136. Calculate the highest common divisor of f and 17.
17
Let a be (28/(-5))/(42/(-315)). What is the greatest common divisor of a and 147?
21
Let g(v) = -v**2 - 2*v + 4. Let b be g(0). Suppose -b*c + 9*c - 10 = 0. What is the highest common factor of c and 6?
2
Suppose -198 = -3*x + 12. Let i = 40 + -19. Let v = -11 + i. What is the highest common factor of v and x?
10
Let f(j) = -19*j - 209. Let o be f(-23). What is the highest common factor of 190 and o?
38
Let u(l) = 7*l**2 + 4*l + 14. Let a be u(-2). What is the greatest common factor of a and 221?
17
Let s(t) = 16*t + 96. Let w be s(-5). Calculate the highest common divisor of w and 592.
16
Let m = 63 - 49. Suppose o - 2*i = 77, -45 - 166 = -3*o - 4*i. Let z = o - -25. What is the greatest common divisor of z and m?
14
Let n be (1296/(-21))/(-6) + (-2)/7. Calculate the greatest common factor of 5 and n.
5
Let w be 925/50 + (-2)/(-4). Let r = -135 + 173. Calculate the greatest common factor of w and r.
19
Let z be -1*65/(-2) + (-6)/(-4). What is the highest common factor of z and 153?
17
Let x(b) = 53*b**2 + 3*b + 2. Let o be x(2). Suppose 4*z = 0, -4*n + z + 392 = -o. What is the highest common divisor of n and 17?
17
Let j(a) be the second derivative of 7*a**3/6 + a**2/2 - 2*a. Let i = 30 - 28. Let k be j(i). What is the greatest common factor of 105 and k?
15
Suppose 8*o - 92 - 644 = 0. Suppose 0 = -9*p + 992 - o. What is the greatest common factor of p and 60?
20
Let u = 6 + -3. Let y be -1*(56/(-2) + 4). Calculate the greatest common divisor of y and u.
3
Suppose 0 = 3*g - 90 - 375. Suppose -b - 7 = -g. What is the highest common divisor of 37 and b?
37
Let b be 18 + (-1)/((-4)/5 + 1) + -4. Let j = 200 - 119. What is the highest common factor of b and j?
9
Let b be (0 + 2 - (-44 + 7 - -6)) + 6. Let f(r) = 8*r**2 + 2*r - 2. Let w be f(-2). Calculate the greatest common factor of w and b.
13
Let r be 4/10 + 1608/5. Let s be 2/(-8) + r/8. Let l be (-6 - (-153)/18)/((-1)/(-40)). Calculate the highest common divisor of s and l.
20
Suppose 9 = -3*l + 51. Suppose -4*f + 9*f - 20 = 0. Suppose 6 = -3*i - 3, f*w = 4*i + 348. What is the greatest common factor of w and l?
14
Let j be ((-3)/18)/((-6)/(-27))*-24. Let h = j - 11. Calculate the greatest common divisor of h and 63.
7
Let z = 146 + -138. Calculate the greatest common divisor of 88 and z.
8
Let y(u) = -u - 7. Let l be y(-7). Suppose -a = -3*c + 31, l = c - 3*c + 3*a + 16. What is the greatest common factor of 33 and c?
11
Let o(c) = 80*c - 62. Let g be o(4). What is the highest common divisor of 9 and g?
3
Let n be 3*(-2 - (-12)/9). Let u be 7/2*(-44)/n. Let j = -15 + 26. What is the highest common divisor of j and u?
11
Let g(z) = z**3 - 9*z**2 + z - 7. Let w be g(9). Suppose w*v - 33 = 13. Calculate the highest common divisor of 184 and v.
23
Let i = -874 - -1279. Let h = 72 - 82. Let z be 12/h*i/(-6). What is the greatest common divisor of z and 9?
9
Suppose 0 = 4*v + 3 - 35. Suppose -3*c = 2*q + 52, 0 = -q + 4*c - 7 - v. Let w = -14 - q. Calculate the highest common factor of 63 and w.
9
Let k = -26 + 60. Suppose 4*x = -k - 98. Let s = x - -59. Calculate the highest common divisor of s and 65.
13
Let l be 2*14/12 + (-14)/(-21). Suppose y - 24 = 4*c, l*y - 29 = 4*c + 11. Calculate the greatest common factor of y and 8.
8
Let s be 13644/(-48) + (-6)/8. Let m = 411 + s. What is the greatest common factor of 14 and m?
14
Let w = 56 - 40. Suppose -2*z + 12 = -4. What is the highest common divisor of w and z?
8
Suppose 0*w = 4*w - 16, -2*w + 90 = 2*q. What is the greatest common factor of 287 and q?
41
Let w be (-8 - -21)*1/1. Let l be 3 + 0 - (-141 + 5 + -4). What is the greatest common factor of w and l?
13
Let x = 485 + -275. Calculate the greatest common divisor of x and 168.
42
Let f = 15 + -13. Let x be f + 5 + (3 - -1). Let n be (x + -12)/(1/(-117)). Calculate the greatest common factor of n and 13.
13
Let v(l) = -l**3 - 11*l**2 - 30*l + 5. Let m be v(-4). What is the greatest common factor of m and 39?
13
Suppose 0 = 4*g - 9*g + 225. Suppose 6*o - 126 - 144 = 0. Suppose 0 = 4*b + 2*p + 3*p - 36, 2*p - o = -5*b. Calculate the highest common factor of b and g.
9
Let u(m) = m**2 + 26*m - 138. Let o be u(-33). Calculate the highest common divisor of o and 6.
3
Let k(y) = y**2 + 11*y - 11. Suppose 0 = 3*l + 47 - 8. Let c be k(l). Let r = 218 - 83. What is the greatest common divisor of c and r?
15
Let s be (31*2)/(2 - 1 - -1). Suppose -2*z - 4*f + 26 = -0*f, 4*z - s = -f. Calculate the greatest common divisor of 7 and z.
7
Let m(n) = 57*n + 33. Let b be m(0). Suppose 0 = 2*p - 5*t - 3 - 34, 0 = -3*t - 9. What is the greatest common factor of p and b?
11
Suppose -42*y - 168 = -48*y. What is the greatest common divisor of y and 224?
28
Let q = 7 - -5. Let z be (15/2)/((-21)/56*1). Let f = 23 + z. Calculate the highest common factor of f and q.
3
Suppose 0 = -5*l - u + 2, 0 = -l + u - 5*u + 8. Suppose 8 + 7 = -5*z, -5*d + z + 18 = l. Suppose 20 = d*b - b. What is the highest common factor of 10 and b?
10
Let r be (-1)/1 - (-23 - 0). Let z be -17*(-3 - (-7 + 3)). Let v(w) = -w**3 - 17*w**2 - 5*w + 3. Let t be v(z). What is the highest common factor of r and t?
22
Let p = 7 + -2. Let z = 13 + -2. Suppose -z - p = -4*n. Calculate the highest common divisor of n and 8.
4
Let k(x) = 2*x - 12. Let d be k(8). Suppose -4*l + 97 = -5*w, d*l + 2*w - 48 = 42. Calculate the highest common factor of l and 253.
23
Suppose 4*a + 3*q = 171, -3*q + 213 = -2*a + 7*a. Let f be 3 + -2 + 8 + -3. Calculate the highest common divisor of a and f.
6
Let c(k) = -k**3 - 8*k**2 + 18*k + 72. Let v be c(-12). What is the great